 7*k - 19. Let s be u(12). Let z = x - s. Calculate the greatest common divisor of 25 and z.
25
Suppose 0 = -19*r + 10*r - 45. Let o be 15/(-9) + 2/3. Let i be (r - 6/(-3))*o*3. Calculate the greatest common factor of i and 9.
9
Let r(h) be the second derivative of -2*h + 2*h**2 - 1/20*h**5 + 0 + 1/3*h**3 + 5/12*h**4. Let o be r(5). Calculate the highest common factor of o and 70.
14
Let f = 97 - 85. Let n be f/2*(1/2 - -1). Let x be -9*((-6)/3 - -1). Calculate the greatest common divisor of n and x.
9
Suppose -10 - 23 = -3*h. Let x = -107 + 107. Suppose q + 2*q + j - 62 = x, q - 2 = -5*j. What is the highest common factor of h and q?
11
Suppose 0 = 68*g - 5632 - 1304. What is the highest common factor of 15402 and g?
102
Let a = 1014 + -992. Let m = -77 - -27. Let t be (11/1)/((-10)/m). Calculate the highest common divisor of a and t.
11
Suppose 8*c = 268 - 92. Let a = 67 + -65. Calculate the greatest common divisor of c and a.
2
Let f = 6056 - 6028. Let x = 14 - 7. What is the greatest common divisor of x and f?
7
Let p = -207 + 216. Let u be (-9)/(-1) - (9 - 6). Suppose -u*a + l + 27 = -a, a + l - p = 0. Calculate the greatest common factor of a and 4.
2
Let q = 27 + 72. Let w be 72/(-21)*14/(-4). Let k be -9*(-4 + (-40)/w). Calculate the highest common factor of q and k.
33
Let t(y) be the second derivative of -y**5/20 - 2*y**4 - 47*y**3/6 - 45*y**2/2 - 187*y. Let k be t(-22). What is the greatest common factor of 30 and k?
3
Suppose -2034 = 73*h - 195*h + 284. Let b = -43 + 22. Let z be 19/2*(1 - b). Calculate the highest common divisor of z and h.
19
Let a = 7196 - 7194. Let x = -6 - -8. What is the highest common divisor of a and x?
2
Suppose -4*h = -29*m + 34*m - 61, -38 = -2*m - 5*h. Calculate the greatest common divisor of m and 105.
3
Let v = -246 - -476. Let i = v + -229. Calculate the greatest common divisor of 54 and i.
1
Suppose -8*n = -3*n - 45. Suppose 0 = -7*a + 1370 + 646. What is the greatest common factor of n and a?
9
Let d(s) = s**3 + 17*s**2 + 16*s - 49. Let p(y) = -y**2 - 1. Let k(n) = -d(n) - 5*p(n). Let f be k(-10). Calculate the greatest common factor of f and 224.
14
Let a be -2 - -2 - -255*7/21. Suppose 0 = 4*n - 29 - 27. Suppose 0 = -3*f + 37 + n. What is the greatest common divisor of a and f?
17
Suppose 87 = 38*z + 10*z - 633. What is the greatest common divisor of 16635 and z?
15
Let n be (-522)/(-15) + (-4 - 63/(-15)). Suppose 3*g + 32 = 146. Suppose -n = d - g. Calculate the greatest common factor of 6 and d.
3
Let l(b) = -314*b - 301*b - 30 + 624*b + 8*b**2. Let a be l(7). Calculate the highest common divisor of 17 and a.
17
Let s = 2692 - 1135. Calculate the highest common divisor of 9 and s.
9
Let k be (2/(-6))/((-3)/9). Let c(p) = -195*p + 4892. Let f be c(25). Calculate the highest common factor of f and k.
1
Let x be -2*(-5)/(-20)*-16. Let u be -1 + (17*8 - -1). Suppose 0*j + u = 2*j + 4*r, j - 3*r - 78 = 0. Calculate the highest common factor of x and j.
8
Let h(o) = -69*o**2 - 67*o**2 + 137*o**2 + 21 - 7*o. Let g be h(7). Calculate the greatest common divisor of 273 and g.
21
Let v be (-5)/(-20) + (-28)/(-16). Let w be 5/35*158 - (-12)/(-21). What is the greatest common divisor of v and w?
2
Let v be -5 + (-100)/(-15) + (-4)/(-12). Suppose -v*q + 16 = -32. Calculate the highest common divisor of q and 64.
8
Suppose -16 = -v + 3*n - 6*n, -12 = v - 4*n. Suppose v*i + 34 + 78 = 0. Let r = 35 + i. Calculate the greatest common factor of 77 and r.
7
Let u = -6689 - -8129. Calculate the greatest common factor of 1170 and u.
90
Suppose 75 = i + 2*i. Let h be ((-460)/322)/(((-2)/(-14))/(-1)). Calculate the highest common factor of h and i.
5
Let d = 17 + 38. Suppose 2*h - 11 = q - 2*h, -d = 3*q - h. Let b = 49 + q. What is the highest common divisor of 75 and b?
15
Suppose 5*o - 1743 = 14722. Calculate the greatest common factor of o and 74.
37
Let p(w) = -10*w**2 + 44*w - 4. Let u be p(6). Let m = -85 - u. What is the highest common factor of m and 9?
3
Suppose -24 = -a + 64. Suppose 62*s + 5*g = 63*s - 29, -25 = 5*g. Suppose 0 = -3*r + 12 - 9, 0 = s*d - 5*r - 39. What is the highest common divisor of a and d?
11
Suppose 58 = 3*v - 5*d, 31 - 12 = v - 2*d. Calculate the highest common divisor of v and 567.
21
Let k be 314*1*(-1)/8*-8. What is the greatest common divisor of 8 and k?
2
Let j(l) = l**2 - 10*l - 27. Let i be j(15). Let u be (-78)/663 - (-1022)/17. Calculate the greatest common factor of u and i.
12
Let t(a) be the second derivative of 11/6*a**3 + 5*a - 19/2*a**2 + 0. Let y be t(11). Calculate the highest common divisor of y and 6.
6
Suppose -4 - 14 = -n. Suppose 0 = t - n - 12. Let z(g) = -10*g + 202. Let j be z(19). What is the highest common factor of j and t?
6
Suppose 4 = -2*y + 4*c, 4*y + c + 6 - 25 = 0. Let a be (-90)/27*(-6)/y. Let d = 96 - 86. What is the greatest common factor of d and a?
5
Let y be (-3)/(-21) - 902400/(-525). Calculate the highest common factor of y and 9.
9
Suppose -y = -5*s + 2*s - 9, -5*s = 5*y - 85. Let q be (4/10)/((-3)/15). Let v be ((-9)/q)/(8/80). Calculate the highest common divisor of y and v.
15
Suppose -4*p - 936 = -6*t, -37*t - 3*p - 142 = -38*t. Calculate the highest common factor of t and 2800.
80
Let h(g) be the second derivative of 4*g**3/3 + 22*g**2 - 30*g - 3. Let y be h(-4). Let z = 6 - -66. What is the greatest common factor of y and z?
12
Let c(h) = -3*h**3 + 21*h**2 + 11*h - 81. Let u be c(-9). What is the highest common factor of u and 3?
3
Let h be (8 - 9)*(-4)/(-6) - 4054/(-6). What is the highest common divisor of h and 27?
27
Let g be 2 + (-104)/54 + (-30100)/(-1161). What is the highest common factor of 1963 and g?
13
Let m = -42 - 18. Let d = -48 - m. Suppose -j = j - d. What is the greatest common divisor of 126 and j?
6
Let n(a) = -32*a - 228. Let t(d) = 31*d + 230. Let s(r) = -2*n(r) - 3*t(r). Let z be s(-9). Calculate the highest common factor of 243 and z.
27
Suppose 16*n = -n - 5*n + 5940. Calculate the highest common divisor of 1458 and n.
54
Suppose 2*c = -2*n + 274, 231*n - 695 = 226*n - 3*c. Calculate the highest common factor of n and 8023.
71
Let z be ((-1560)/1820)/((-6)/224). What is the greatest common factor of z and 5808?
16
Let z be 111/2*4/3. Let j be (38/(14/7))/((-7)/(-77)). Let f be 2444/22 + (-19)/j. Calculate the greatest common factor of z and f.
37
Let d(j) = 21*j + 311. Let l be d(-13). Calculate the highest common factor of l and 2831.
19
Let v = -234 + 246. Let r(w) = -w**2 + 14*w - 12. Let u be r(v). What is the greatest common divisor of u and 84?
12
Let c = -276 - -588. Let s = -128 + c. What is the highest common divisor of s and 138?
46
Let l be 2 - (2 - -3) - -103. Suppose 5*b = -89*a + 87*a + 55, -63 = -3*a - b. Calculate the highest common divisor of l and a.
20
Let g be (-13)/((-260)/62664) - 28/140. Calculate the highest common factor of g and 13.
13
Suppose 4*t - 23 = -2*m + 705, -4*t + 704 = -4*m. Calculate the highest common factor of 8 and t.
4
Let x(a) = -10*a**2 + 63*a + 8. Let b be x(6). Let t(z) = 66*z**2 - 5*z + 4. Let l be t(1). What is the highest common divisor of l and b?
13
Suppose 0*t = -2*t + 4. Let b(u) = 18*u**3 - 6. Let z be b(t). What is the greatest common factor of 23 and z?
23
Let k = 2651 + -1883. Suppose k = 49*l - 47*l. What is the highest common divisor of 64 and l?
64
Suppose 3*w = -b + w + 19, 0 = -5*b - 3*w + 60. Suppose -2*c = -y + b, -4*y + 31*c - 26*c = -39. What is the highest common divisor of 209 and y?
11
Let h be -7*2/28*-8. Let z be (-3)/h*6*8/(-12). Suppose 0 = -5*k - z*k + 496. Calculate the highest common divisor of k and 93.
31
Let r(y) be the third derivative of -y**4/24 - y**3 + 15*y**2. Let t be r(-10). Suppose -z = -t*z + 15. Calculate the highest common divisor of z and 10.
5
Let s = 112 - -3850. What is the greatest common factor of 14 and s?
14
Suppose 3*m + h - 119 = 3, 0 = -4*m + 2*h + 176. Suppose 5*c = -l + 118, -8*l + 4*c = -11*l + 464. Calculate the greatest common factor of l and m.
42
Let x = 17 - 12. Let t(u) = u**2 - 115*u - 663. Let h be t(-6). Suppose 0*q + 4*q + h = x*v, -4*q + 12 = 0. What is the highest common divisor of 105 and v?
15
Suppose 3*v = -2*h + 14, -3*v + h = -0*h - 11. Let j be v + -1 + -2 + 17. Calculate the greatest co